{"id":225,"date":"2013-01-29T01:34:54","date_gmt":"2013-01-29T01:34:54","guid":{"rendered":"http:\/\/delamanodemaria.com\/?page_id=225"},"modified":"2022-03-21T13:38:19","modified_gmt":"2022-03-21T17:38:19","slug":"bienvenida","status":"publish","type":"page","link":"http:\/\/delamanodemaria.com\/?page_id=225","title":{"rendered":"Bienvenida"},"content":{"rendered":"<p><a href=\"http:\/\/delamanodemaria.com\/?attachment_id=150\" rel=\"attachment wp-att-150\"><img decoding=\"async\" loading=\"lazy\" class=\"aligncenter\" src=\"http:\/\/delamanodemaria.com\/wp-content\/uploads\/2013\/01\/Estatua.jpg\" alt=\"Estatua\" width=\"480\" height=\"320\" \/><\/a><\/p>\n<p><strong><em>\u201cMar\u00eda est\u00e1 tan unida a Cristo que ser\u00eda m\u00e1s f\u00e1cil separar la luz de el mismo sol, el calor del fuego, los santos de Dios, pero no a Mar\u00eda de su Hijo querido. No hay lugar donde nosotros, criaturas d\u00e9biles, encontremos a Jes\u00fas m\u00e1s cercano a nuestra debilidad, que hecho ni\u00f1o en los brazos de <\/em><em>Su<\/em><em> Madre\u201d.<\/em> <\/strong>S. Luis Mar\u00eda Gri\u00f1\u00f3n de Montfort<\/p>\n<p><strong>\u00a1GRACIAS POR VISITAR NUESTRA P\u00c1GINA WEB!<\/strong><\/p>\n<p>Adem\u00e1s del contenido de las secciones en la barra de navegaci\u00f3n, en nuestro \u201dBlog\u201d publicaremos diariamente una reflexi\u00f3n sobre las lecturas b\u00edblicas que la liturgia nos ofrece. Si\u00e9ntanse en libertad de compartir la misma con sus amistades y familiares, y todo el que est\u00e9 dispuesto a recibir un mensaje de esperanza.<\/p>\n<p>Les sugerimos comenzar por las secciones \u201dQui\u00e9nes somos\u201d, \u201cVisi\u00f3n \u2013 Misi\u00f3n\u201d, y \u201cDatos biogr\u00e1ficos\u201d bajo esta misma pesta\u00f1a, en donde tendr\u00e1n una idea m\u00e1s clara acerca de nuestro ministerio y nuestra persona. Tambi\u00e9n sugerimos visitar la secci\u00f3n \u201cPara invitar a H\u00e9ctor\u201d.<\/p>\n<p>Esta p\u00e1gina est\u00e1 a\u00fan en etapa de desarrollo. Las sugerencias sobre contenido son bienvenidas. Esperamos que la disfruten.<\/p>\n<p>Tambi\u00e9n agradeceremos nos dejen sus comentarios. Ellos nos ayudar\u00e1n a mejorar nuestra p\u00e1gina y ampliar nuestro ministerio.<\/p>\n<p>\u00a1Bendiciones!<\/p>\n<p>H\u00e9ctor L. M\u00e1rquez, OP<\/p>\n<p><a href=\"https:\/\/bloguerosconelpapa.blogspot.com.es\/p\/blog-page.html\" target=\"_blank\" rel=\"noopener noreferrer\"><img decoding=\"async\" loading=\"lazy\" class=\"alignnone wp-image-7846 size-full\" src=\"http:\/\/delamanodemaria.com\/wp-content\/uploads\/2013\/01\/Blogueros-con-el-papa.jpg\" alt=\"blogueros-con-el-papa\" width=\"200\" height=\"78\" \/><\/a><\/p>\n<p>S\u00edguenos en:<\/p>\n<p><a href=\"https:\/\/www.youtube.com\/channel\/UCRPOquX5FIFCnxaSMTs3aiQ\"><img decoding=\"async\" loading=\"lazy\" class=\"alignnone  wp-image-7416\" src=\"http:\/\/delamanodemaria.com\/wp-content\/uploads\/2016\/07\/Logo-YouTube.jpg\" alt=\"\" width=\"70\" height=\"55\" \/><\/a><\/p>\n<p><a href=\"https:\/\/www.facebook.com\/hectormarquezop\/\" target=\"_blank\" rel=\"noopener noreferrer\"><img decoding=\"async\" loading=\"lazy\" id=\"rg_hi\" class=\"alignnone\" src=\"https:\/\/encrypted-tbn3.gstatic.com\/images?q=tbn:ANd9GcREL81yFLBNKGDQUOGMRBBtUYGGC7oMqx9ooh5OJ9NjbsrOmc-P5A\" alt=\"\" width=\"66\" height=\"61\" data-width=\"209\" data-height=\"241\" \/><\/a><\/p>\n<p><a href=\"http:\/\/creativecommons.org\/licenses\/by-nc-sa\/3.0\/deed.es\" target=\"_blank\" rel=\"attachment noopener wp-att-173 noreferrer\"><img decoding=\"async\" loading=\"lazy\" class=\"alignright\" src=\"http:\/\/delamanodemaria.com\/wp-content\/uploads\/2013\/01\/cc_by_nc_sa.png\" alt=\"cc_by_nc_sa\" width=\"88\" height=\"31\" \/><\/a><\/p>\n<div style=\"padding-bottom:20px; padding-top:10px;\" class=\"hupso-share-buttons\"><!-- Hupso Share Buttons - https:\/\/www.hupso.com\/share\/ --><a class=\"hupso_toolbar\" href=\"https:\/\/www.hupso.com\/share\/\"><img src=\"http:\/\/static.hupso.com\/share\/buttons\/lang\/es\/share-medium.png\" style=\"border:0px; padding-top: 5px; float:left;\" alt=\"Share Button\"\/><\/a><script type=\"text\/javascript\">var hupso_services_t=new Array(\"Twitter\",\"Facebook\",\"Google Plus\",\"Pinterest\",\"Linkedin\",\"Email\",\"Print\");var hupso_background_t=\"#EAF4FF\";var hupso_border_t=\"#66CCFF\";var hupso_toolbar_size_t=\"medium\";var hupso_image_folder_url = \"\";var hupso_twitter_via=\"hectorops\";var hupso_url_t=\"\";var hupso_title_t=\"Bienvenida\";<\/script><script type=\"text\/javascript\" src=\"http:\/\/static.hupso.com\/share\/js\/share_toolbar.js\"><\/script><!-- Hupso Share Buttons --><\/div>","protected":false},"excerpt":{"rendered":"<p>\u201cMar\u00eda est\u00e1 tan unida a Cristo que ser\u00eda m\u00e1s f\u00e1cil separar la luz de el mismo sol, el calor del fuego, los santos de Dios, pero no a Mar\u00eda de su Hijo querido. No hay lugar donde nosotros, criaturas d\u00e9biles, &hellip; <a href=\"http:\/\/delamanodemaria.com\/?page_id=225\">Continue reading <span class=\"meta-nav\">&rarr;<\/span><\/a><\/p>\n<div style=\"padding-bottom:20px; padding-top:10px;\" class=\"hupso-share-buttons\"><!-- Hupso Share Buttons - https:\/\/www.hupso.com\/share\/ --><a class=\"hupso_toolbar\" href=\"https:\/\/www.hupso.com\/share\/\"><img src=\"http:\/\/static.hupso.com\/share\/buttons\/lang\/es\/share-medium.png\" style=\"border:0px; padding-top: 5px; float:left;\" alt=\"Share Button\"\/><\/a><script type=\"text\/javascript\">var hupso_services_t=new Array(\"Twitter\",\"Facebook\",\"Google Plus\",\"Pinterest\",\"Linkedin\",\"Email\",\"Print\");var hupso_background_t=\"#EAF4FF\";var hupso_border_t=\"#66CCFF\";var hupso_toolbar_size_t=\"medium\";var hupso_image_folder_url = \"\";var hupso_twitter_via=\"hectorops\";var hupso_url_t=\"\";var hupso_title_t=\"Bienvenida\";<\/script><script type=\"text\/javascript\" src=\"http:\/\/static.hupso.com\/share\/js\/share_toolbar.js\"><\/script><!-- Hupso Share Buttons --><\/div>","protected":false},"author":1,"featured_media":0,"parent":0,"menu_order":0,"comment_status":"open","ping_status":"open","template":"","meta":{"jetpack_post_was_ever_published":false},"jetpack_shortlink":"https:\/\/wp.me\/P3bBgS-3D","jetpack_sharing_enabled":true,"jetpack_likes_enabled":true,"_links":{"self":[{"href":"http:\/\/delamanodemaria.com\/index.php?rest_route=\/wp\/v2\/pages\/225"}],"collection":[{"href":"http:\/\/delamanodemaria.com\/index.php?rest_route=\/wp\/v2\/pages"}],"about":[{"href":"http:\/\/delamanodemaria.com\/index.php?rest_route=\/wp\/v2\/types\/page"}],"author":[{"embeddable":true,"href":"http:\/\/delamanodemaria.com\/index.php?rest_route=\/wp\/v2\/users\/1"}],"replies":[{"embeddable":true,"href":"http:\/\/delamanodemaria.com\/index.php?rest_route=%2Fwp%2Fv2%2Fcomments&post=225"}],"version-history":[{"count":17,"href":"http:\/\/delamanodemaria.com\/index.php?rest_route=\/wp\/v2\/pages\/225\/revisions"}],"predecessor-version":[{"id":17206,"href":"http:\/\/delamanodemaria.com\/index.php?rest_route=\/wp\/v2\/pages\/225\/revisions\/17206"}],"wp:attachment":[{"href":"http:\/\/delamanodemaria.com\/index.php?rest_route=%2Fwp%2Fv2%2Fmedia&parent=225"}],"curies":[{"name":"wp","href":"https:\/\/api.w.org\/{rel}","templated":true}]}}