{"id":66,"date":"2013-01-07T17:38:47","date_gmt":"2013-01-07T17:38:47","guid":{"rendered":"http:\/\/delamanodemaria.com\/?page_id=66"},"modified":"2015-09-10T22:00:56","modified_gmt":"2015-09-11T02:00:56","slug":"enlaces","status":"publish","type":"page","link":"http:\/\/delamanodemaria.com\/?page_id=66","title":{"rendered":"Enlaces"},"content":{"rendered":"<p><strong>NOTA: FAVOR DE REPORTAR ENLACES INOPERANTES<\/strong><\/p>\n<ul>\n<li><a href=\"http:\/\/www.vatican.va\/holy_father\/francesco\/apost_exhortations\/documents\/papa-francesco_esortazione-ap_20131124_evangelii-gaudium_sp.html\" target=\"_blank\">Evangelii Gaudium (en espa\u00f1ol) \u00a1Nuevo!<\/a><\/li>\n<li><a href=\"http:\/\/www.vatican.va\/phome_sp.htm\" target=\"_blank\">Portal del Vaticano<\/a><\/li>\n<li><a href=\"http:\/\/www.youtube.com\/vatican\" target=\"_blank\">Canal de YouTube de la Santa Sede<\/a><\/li>\n<li><a href=\"http:\/\/www.news.va\/es\" target=\"_blank\">The Vatican Today ( en espa\u00f1ol)<\/a><\/li>\n<li><strong>Apolog\u00e9tica<\/strong><\/li>\n<li><a href=\"http:\/\/www.alianzaformativa.org\/\" target=\"_blank\">Alianza Formativa<\/a><\/li>\n<li><a href=\"http:\/\/www.ewtn.com\/spanish\/preguntas\/mar%C3%ADa_apolog%C3%A9tica.htm\" target=\"_blank\">Apolog\u00e9tica Mariana<\/a><\/li>\n<li><a href=\"http:\/\/www.defiendetufe.org\/\" target=\"_blank\">Cat\u00f3lico defiende tu fe<\/a><\/li>\n<li><strong>Portales cat\u00f3licos de inter\u00e9s general<\/strong><\/li>\n<li><a href=\"http:\/\/www.aciprensa.com\/\" target=\"_blank\">ACI Prensa<\/a><\/li>\n<li><a href=\"http:\/\/www.aleteia.org\/es\" target=\"_blank\">Aleteia<\/a><\/li>\n<li><a href=\"http:\/\/www.arqsj.org\/Arq\/Home.php\" target=\"_blank\">Arquidi\u00f3cesis de San Juan, Puerto Rico<\/a><\/li>\n<li><a href=\"http:\/\/www.bloguerosconelpapa.org\/\" target=\"_blank\">Asociaci\u00f3n Blogueros con el Papa<\/a><\/li>\n<li><a href=\"http:\/\/www.vatican.va\/archive\/ESL0506\/_INDEX.HTM\" target=\"_blank\">Biblia <em>online<\/em> en el portal del Vaticano<\/a><\/li>\n<li><a href=\"http:\/\/www.cope.es\/docs\/2013\/01\/04\/13590001_135_37_0.pdf\" target=\"_blank\">Calendario Lit\u00fargico Pastoral 2013<\/a><\/li>\n<li><a href=\"http:\/\/www.vatican.va\/archive\/catechism_sp\/index_sp.html\" target=\"_blank\">Catecismo de la Iglesia Cat\u00f3lica<\/a><\/li>\n<li><a href=\"http:\/\/www.es.catholic.net\/\" target=\"_blank\">Catholic Net (espa\u00f1ol)<\/a><\/li>\n<li><a href=\"http:\/\/www.youtube.com\/watch?v=cepVK2YGMd8&amp;NR=1\" target=\"_blank\">Cat\u00f3licos regresen\u00a0a casa (video)<\/a><\/li>\n<li><a href=\"http:\/\/www.devocionario.com\/\" target=\"_blank\">Devocionario Cat\u00f3lico<\/a><\/li>\n<li><a href=\"http:\/\/www.caritas.org.pe\/documentos\/Documento_Conclusivo_Aparecida.pdf\" target=\"_blank\">Documento de Aparecida<\/a><\/li>\n<li><a href=\"http:\/\/encuentra.com\/\" target=\"_blank\">Encuentra.com<\/a><\/li>\n<li><a title=\"iMisi\u00f3n\" href=\"http:\/\/imision.org\/quienes-somos\/\" target=\"_blank\">iMisi\u00f3n (misi\u00f3n en internet)<\/a><\/li>\n<li><a href=\"http:\/\/www.parroquiaelbuenpastorpr.org\/\" target=\"_blank\">Parroquia El Buen Pastor<\/a><\/li>\n<li><a href=\"http:\/\/www.ewtn.com\/spanish\/Saints\/index.asp\" target=\"_blank\">Santoral cat\u00f3lico<\/a><\/li>\n<li><a title=\"Santoral de d\u00eda\" href=\"http:\/\/es.catholic.net\/santoral\/\" target=\"_blank\">Santoral del d\u00eda<\/a><\/li>\n<li><a href=\"http:\/\/www.tengoseddeti.org\/\" target=\"_blank\">Tengo sed de Ti<\/a><\/li>\n<li><strong>\u00d3rdenes religiosas<\/strong><\/li>\n<li><a href=\"http:\/\/www.franciscanos.org\/\" target=\"_blank\">Franciscanos (OFM)<\/a><\/li>\n<li><a href=\"http:\/\/www.op.org\/es\" target=\"_blank\">Orden de Predicadores (Dominicos)<\/a><\/li>\n<li><strong>Educaci\u00f3n teol\u00f3gica y religiosa<\/strong><\/li>\n<li><a href=\"http:\/\/www.cedoc.edu\/\" target=\"_blank\">CEDOC (Centro de Estudios de los Dominicos del Caribe)<\/a><\/li>\n<li><a href=\"http:\/\/teologia.campusdominicano.org\/\" target=\"_blank\">Escuela de teolog\u00eda en Internet Santo Tom\u00e1s de Aquino<\/a><\/li>\n<li><a title=\"Instituto Superior de Teolog\u00eda y Pastoral\" href=\"http:\/\/istepaonline.org\/main\/\" target=\"_blank\" rel=\"home\">Instituto Superior de Teolog\u00eda y Pastoral<\/a><\/li>\n<li><a href=\"http:\/\/www.ucb.edu.pr\/\" target=\"_blank\">Universidad Central de Bayam\u00f3n<\/a><\/li>\n<li><strong>Medios de comunicaci\u00f3n social cat\u00f3licos<\/strong><\/li>\n<li><a href=\"http:\/\/www.youtube.com\/vaticanes?hl=en-GB&amp;gl=GB\" target=\"_blank\">Canal del Vaticano en YouTube<\/a><\/li>\n<li><a href=\"http:\/\/www.elvisitante.net\/visitante-web\/\" target=\"_blank\">El Visitante (Semanario cat\u00f3lico de Puerto Rico)<\/a><\/li>\n<li><a href=\"http:\/\/www.ewtn.com\/Live\/unicorn\/jwplayer.asp?bottom=false&amp;feed=radiospanish\" target=\"_blank\">EWTN Radio en espa\u00f1ol (en vivo)<\/a><\/li>\n<li><a href=\"http:\/\/www.ewtn.com\/Live\/unicorn\/jwplayer.asp?bottom=false&amp;feed=intlspan\" target=\"_blank\">EWTN-TV en espa\u00f1ol (en vivo)<\/a><\/li>\n<li><a href=\"http:\/\/www.sonbyfouronline.com\/index2.html\" target=\"_blank\">SonBy4 Radio<\/a><\/li>\n<li><a href=\"http:\/\/www.news.va\/es\" target=\"_blank\">The Vatican News (espa\u00f1ol)<\/a><\/li>\n<li><a href=\"http:\/\/www.zenit.org\/0?l=spanish\" target=\"_blank\">Zenit, agencia de noticias (Roma)<\/a><\/li>\n<li><strong>Enlaces marianos<\/strong><\/li>\n<li><a href=\"http:\/\/www.mariologia.org\/musicacatolica\/musicamarianamp344.htm\" target=\"_blank\">Canci\u00f3n &#8220;Inmaculada&#8221; (letra y m\u00fasica)<\/a><\/li>\n<li><a href=\"http:\/\/www.comunidadeboanerges.com.br\/2011\/spanish.php\/page\/15\" target=\"_blank\">Consagraci\u00f3n a Mar\u00eda<\/a><\/li>\n<li><a href=\"http:\/\/www.idyanunciad.net\/reina\/tema8.htm\" target=\"_blank\">Devociones y promesas marianas<\/a><\/li>\n<li><a href=\"http:\/\/www.ewtn.com\/spanish\/maria\/Nuestra_Se%C3%B1ora_del_Pilar_Historia.htm\" target=\"_blank\">El Pilar, primera aparici\u00f3n de Mar\u00eda<\/a><\/li>\n<li><a href=\"http:\/\/www.vatican.va\/holy_father\/paul_vi\/apost_exhortations\/documents\/hf_p-vi_exh_19740202_marialis-cultus_sp.html\" target=\"_blank\">Exhortaci\u00f3n apost\u00f3lica Marialis Cultus (SS Pablo VI)<\/a><\/li>\n<li><a href=\"http:\/\/www.rosario.org.mx\/doctrina\/mariologia\/mariologia1.htm\" target=\"_blank\">Mar\u00eda, Madre de Dios (breve curso de Mariolog\u00eda)<\/a><\/li>\n<li><a href=\"http:\/\/www.mariologia.org\/\" target=\"_blank\">Mariolog\u00eda.org (para conocer mejor a Mar\u00eda)<\/a><\/li>\n<li><a href=\"http:\/\/www.corazones.org\/oraciones\/oraciones_maria\/oraciones_marianas2.htm#Regina%20Caeli\" target=\"_blank\">Oraciones marianas varias<\/a><\/li>\n<li><a href=\"http:\/\/www.devocionario.com\/maria\/index.html\" target=\"_blank\">Oraciones, devociones y advocaciones marianas<\/a><\/li>\n<li><a href=\"http:\/\/www.santorosario.info\/\" target=\"_blank\">Santo Rosario.info (\u00a1altamente recomendado!)<\/a><\/li>\n<li><a href=\"http:\/\/regnummariae.org\/san_luis\/todotuyo.htm\" target=\"_blank\">\u00a1Totus Tuus!<\/a><\/li>\n<li><strong>Enlaces Santo Rosario<\/strong><\/li>\n<li><a href=\"http:\/\/www.cofradiarosario.net\/\" target=\"_blank\">Cofrad\u00eda del Rosario<\/a><\/li>\n<li><a href=\"http:\/\/www.franciscanos.org\/oracion\/rosario.html\" target=\"_blank\">El Rosario, con los misterios comentados e ilustrados<\/a><\/li>\n<li><a href=\"http:\/\/www.santorosario.net\/espanol\/index.htm\" target=\"_blank\">El Santo Rosario<\/a><\/li>\n<li><a href=\"http:\/\/www.idyanunciad.net\/reina\/tema9.htm\" target=\"_blank\">El Santo Rosario y Nuestra Se\u00f1ora del Rosario<\/a><\/li>\n<li><a href=\"http:\/\/www.devocionario.com\/maria\/rosario_1.html\" target=\"_blank\">El Santo Rosario, modo de rezarlo<\/a><\/li>\n<li><a href=\"http:\/\/www.vatican.va\/holy_father\/john_paul_ii\/apost_letters\/documents\/hf_jp-ii_apl_20021016_rosarium-virginis-mariae_sp.html\" target=\"_blank\">Rosarium Virginis Mariae, Carta Apost\u00f3lica de SS Beato\u00a0Juan Pablo II<\/a><\/li>\n<li><a href=\"http:\/\/www.santorosario.info\/\" target=\"_blank\">Santo Rosario.info<\/a><\/li>\n<li><strong>M\u00fasica cat\u00f3lica<\/strong><\/li>\n<li><a href=\"http:\/\/www.samuelmiranda.com.mx\/\" target=\"_blank\">Samuel Miranda<\/a><\/li>\n<li><a href=\"http:\/\/www.sonbyfouronline.com\/index2.html\" target=\"_blank\">SonBy4 Radio<\/a><\/li>\n<\/ul>\n<div style=\"padding-bottom:20px; padding-top:10px;\" class=\"hupso-share-buttons\"><!-- Hupso Share Buttons - https:\/\/www.hupso.com\/share\/ --><a class=\"hupso_toolbar\" href=\"https:\/\/www.hupso.com\/share\/\"><img src=\"http:\/\/static.hupso.com\/share\/buttons\/lang\/es\/share-medium.png\" style=\"border:0px; padding-top: 5px; float:left;\" alt=\"Share Button\"\/><\/a><script type=\"text\/javascript\">var hupso_services_t=new Array(\"Twitter\",\"Facebook\",\"Google Plus\",\"Pinterest\",\"Linkedin\",\"Email\",\"Print\");var hupso_background_t=\"#EAF4FF\";var hupso_border_t=\"#66CCFF\";var hupso_toolbar_size_t=\"medium\";var hupso_image_folder_url = \"\";var hupso_twitter_via=\"hectorops\";var hupso_url_t=\"\";var hupso_title_t=\"Enlaces\";<\/script><script type=\"text\/javascript\" src=\"http:\/\/static.hupso.com\/share\/js\/share_toolbar.js\"><\/script><!-- Hupso Share Buttons --><\/div>","protected":false},"excerpt":{"rendered":"<p>NOTA: FAVOR DE REPORTAR ENLACES INOPERANTES Evangelii Gaudium (en espa\u00f1ol) \u00a1Nuevo! Portal del Vaticano Canal de YouTube de la Santa Sede The Vatican Today ( en espa\u00f1ol) Apolog\u00e9tica Alianza Formativa Apolog\u00e9tica Mariana Cat\u00f3lico defiende tu fe Portales cat\u00f3licos de inter\u00e9s &hellip; <a href=\"http:\/\/delamanodemaria.com\/?page_id=66\">Continue reading <span class=\"meta-nav\">&rarr;<\/span><\/a><\/p>\n<div style=\"padding-bottom:20px; padding-top:10px;\" class=\"hupso-share-buttons\"><!-- Hupso Share Buttons - https:\/\/www.hupso.com\/share\/ --><a class=\"hupso_toolbar\" href=\"https:\/\/www.hupso.com\/share\/\"><img src=\"http:\/\/static.hupso.com\/share\/buttons\/lang\/es\/share-medium.png\" style=\"border:0px; padding-top: 5px; float:left;\" alt=\"Share Button\"\/><\/a><script type=\"text\/javascript\">var hupso_services_t=new Array(\"Twitter\",\"Facebook\",\"Google Plus\",\"Pinterest\",\"Linkedin\",\"Email\",\"Print\");var hupso_background_t=\"#EAF4FF\";var hupso_border_t=\"#66CCFF\";var hupso_toolbar_size_t=\"medium\";var hupso_image_folder_url = \"\";var hupso_twitter_via=\"hectorops\";var hupso_url_t=\"\";var hupso_title_t=\"Enlaces\";<\/script><script type=\"text\/javascript\" src=\"http:\/\/static.hupso.com\/share\/js\/share_toolbar.js\"><\/script><!-- Hupso Share Buttons --><\/div>","protected":false},"author":1,"featured_media":0,"parent":0,"menu_order":0,"comment_status":"open","ping_status":"open","template":"","meta":{"jetpack_post_was_ever_published":false},"jetpack_shortlink":"https:\/\/wp.me\/P3bBgS-14","jetpack_sharing_enabled":true,"jetpack_likes_enabled":true,"_links":{"self":[{"href":"http:\/\/delamanodemaria.com\/index.php?rest_route=\/wp\/v2\/pages\/66"}],"collection":[{"href":"http:\/\/delamanodemaria.com\/index.php?rest_route=\/wp\/v2\/pages"}],"about":[{"href":"http:\/\/delamanodemaria.com\/index.php?rest_route=\/wp\/v2\/types\/page"}],"author":[{"embeddable":true,"href":"http:\/\/delamanodemaria.com\/index.php?rest_route=\/wp\/v2\/users\/1"}],"replies":[{"embeddable":true,"href":"http:\/\/delamanodemaria.com\/index.php?rest_route=%2Fwp%2Fv2%2Fcomments&post=66"}],"version-history":[{"count":29,"href":"http:\/\/delamanodemaria.com\/index.php?rest_route=\/wp\/v2\/pages\/66\/revisions"}],"predecessor-version":[{"id":5966,"href":"http:\/\/delamanodemaria.com\/index.php?rest_route=\/wp\/v2\/pages\/66\/revisions\/5966"}],"wp:attachment":[{"href":"http:\/\/delamanodemaria.com\/index.php?rest_route=%2Fwp%2Fv2%2Fmedia&parent=66"}],"curies":[{"name":"wp","href":"https:\/\/api.w.org\/{rel}","templated":true}]}}